{"id":19,"date":"2024-03-06T11:13:47","date_gmt":"2024-03-06T11:13:47","guid":{"rendered":"https:\/\/jolaszymanska.pl\/?page_id=19"},"modified":"2024-03-06T11:44:09","modified_gmt":"2024-03-06T11:44:09","slug":"kontakt","status":"publish","type":"page","link":"https:\/\/jolaszymanska.pl\/index.php\/kontakt\/","title":{"rendered":"KONTAKT"},"content":{"rendered":"\n<p><strong>Je\u017celi chcesz podzieli\u0107 si\u0119 ze mn\u0105 swoj\u0105 histori\u0105 lub swoim zdaniem:<\/strong><\/p>\n\n\n\n<ul class=\"wp-block-list\">\n<li><strong>Podejd\u017a do mnie<\/strong>, gdy mnie spotkasz,<\/li>\n\n\n\n<li>albo<strong> napisz wiadomo\u015b\u0107 na <\/strong><a href=\"https:\/\/www.facebook.com\/szymanskajola\" data-type=\"link\" data-id=\"https:\/\/www.facebook.com\/szymanskajola\" target=\"_blank\" rel=\"noreferrer noopener\"><strong>Facebooku<\/strong><\/a>.<\/li>\n<\/ul>\n\n\n\n<p>_________________________________<\/p>\n\n\n\n<p><strong>Kontakt w sprawie <\/strong><a href=\"https:\/\/jolaszymanska.pl\/index.php\/wspolpraca\/\"><strong>wsp\u00f3\u0142pracy<\/strong><\/a><strong>:<\/strong><\/p>\n\n\n\n<p>jolaszymanska.kontakt@gmail.com<\/p>\n","protected":false},"excerpt":{"rendered":"<p>Je\u017celi chcesz podzieli\u0107 si\u0119 ze mn\u0105 swoj\u0105 histori\u0105 lub swoim zdaniem: _________________________________ Kontakt w sprawie wsp\u00f3\u0142pracy: jolaszymanska.kontakt@gmail.com<\/p>\n","protected":false},"author":1,"featured_media":0,"parent":0,"menu_order":0,"comment_status":"closed","ping_status":"closed","template":"","meta":{"footnotes":""},"class_list":["post-19","page","type-page","status-publish","hentry"],"_links":{"self":[{"href":"https:\/\/jolaszymanska.pl\/index.php\/wp-json\/wp\/v2\/pages\/19","targetHints":{"allow":["GET"]}}],"collection":[{"href":"https:\/\/jolaszymanska.pl\/index.php\/wp-json\/wp\/v2\/pages"}],"about":[{"href":"https:\/\/jolaszymanska.pl\/index.php\/wp-json\/wp\/v2\/types\/page"}],"author":[{"embeddable":true,"href":"https:\/\/jolaszymanska.pl\/index.php\/wp-json\/wp\/v2\/users\/1"}],"replies":[{"embeddable":true,"href":"https:\/\/jolaszymanska.pl\/index.php\/wp-json\/wp\/v2\/comments?post=19"}],"version-history":[{"count":4,"href":"https:\/\/jolaszymanska.pl\/index.php\/wp-json\/wp\/v2\/pages\/19\/revisions"}],"predecessor-version":[{"id":50,"href":"https:\/\/jolaszymanska.pl\/index.php\/wp-json\/wp\/v2\/pages\/19\/revisions\/50"}],"wp:attachment":[{"href":"https:\/\/jolaszymanska.pl\/index.php\/wp-json\/wp\/v2\/media?parent=19"}],"curies":[{"name":"wp","href":"https:\/\/api.w.org\/{rel}","templated":true}]}}